{"id":6,"date":"2025-04-15T21:17:59","date_gmt":"2025-04-15T19:17:59","guid":{"rendered":"https:\/\/ksiegowypatryk.pl\/?page_id=6"},"modified":"2025-11-28T19:19:19","modified_gmt":"2025-11-28T18:19:19","slug":"one-page-express","status":"publish","type":"page","link":"https:\/\/ksiegowypatryk.pl\/","title":{"rendered":"Front Page"},"content":{"rendered":"<div  data-label=\"Features\" data-id=\"features-square-image-section\" data-category=\"features\" class=\"features-square-image-section\" id=\"features-7\" style=\"background-color: rgb(255, 255, 255);\"> <div  class=\"dynamic-color gridContainer\"> <div  class=\"features-square-image-textrow\"> <div  class=\"features-square-image-textcol\" data-type=\"column\"> <h2  class=\"\">Indywidualna obs\u0142uga ksi\u0119gowa dla mikro firm<\/h2> <p  class=\"\">Ponad siedem lat do\u015bwiadczenia w ksi\u0119gowo\u015bci oraz setki obs\u0142u\u017conych klient\u00f3w. Oferuj\u0119 kompleksow\u0105 obs\u0142ug\u0119, dzi\u0119ki kt\u00f3rej mo\u017cesz skupi\u0107 si\u0119 w pe\u0142ni na prowadzeniu w\u0142asnego biznesu, a kwestie ksi\u0119gowe zostawi\u0107 w dobrych r\u0119kach.<\/p> <\/div> <\/div> <div  class=\"features-square-image-innerrow\" data-type=\"row\"> <div  class=\"features-square-image-featcol cp6cols-tablet cp3cols\"><img  decoding=\"async\" class=\"features-square-image-featimg\" src=\"https:\/\/ksiegowypatryk.pl\/wp-content\/plugins\/one-page-express-companion\/theme-data\/one-page-express\/sections\/images\/rodion-kutsaev-184298-1920x1280.jpg\"> <h4  class=\"\">Zak\u0142adanie dzia\u0142alno\u015bci gospodarczej<\/h4> <p  class=\"\">Pomagam przej\u015b\u0107 przez ca\u0142y proces, od rejestracji firmy w CEIDG po wyb\u00f3r najkorzystniejszej formy opodatkowania oraz wszystkie wymagane zg\u0142oszenia.<\/p>  <\/div>  <div  class=\"features-square-image-featcol cp6cols-tablet cp3cols\"><img  decoding=\"async\" class=\"features-square-image-featimg\" src=\"https:\/\/ksiegowypatryk.pl\/wp-content\/plugins\/one-page-express-companion\/theme-data\/one-page-express\/sections\/images\/project2.jpg\"> <h4  class=\"\">Obs\u0142uga samozatrudnionych&nbsp;<\/h4> <p  class=\"\">Prowadz\u0119 kompleksow\u0105 obs\u0142ug\u0119 ksi\u0119gow\u0105 os\u00f3b pracuj\u0105cych w modelu B2B i prowadz\u0105cych jednoosobowe dzia\u0142alno\u015bci gospodarcze.<\/p> <\/div><div  class=\"features-square-image-featcol cp6cols-tablet cp3cols\"><img  decoding=\"async\" class=\"features-square-image-featimg\" src=\"https:\/\/ksiegowypatryk.pl\/wp-content\/plugins\/one-page-express-companion\/theme-data\/one-page-express\/sections\/images\/timothy-muza-572-1920x1281.jpg\"> <h4  class=\"\">Wsparcie przy przej\u015bciu na model B2B<\/h4> <p  class=\"\">Specjalizuj\u0119 si\u0119 w wsparciu os\u00f3b z umow\u0105 o prac\u0119 lub zlecenie, kt\u00f3re chc\u0105 przej\u015b\u0107 na dzia\u0142alno\u015b\u0107 gospodarcz\u0105. Wykonuj\u0119 kalkulacje op\u0142acalno\u015bci i dobieram najkorzystniejsz\u0105 form\u0119 rozlicze\u0144.<\/p> <\/div> <div  class=\"features-square-image-featcol cp6cols-tablet cp3cols\"><img  decoding=\"async\" class=\"features-square-image-featimg\" src=\"https:\/\/ksiegowypatryk.pl\/wp-content\/plugins\/one-page-express-companion\/theme-data\/one-page-express\/sections\/images\/rodion-kutsaev-184298-1920x1280.jpg\"> <h4  class=\"\">Obs\u0142uga kontrakt\u00f3w zagranicznych<\/h4> <p  class=\"\">Rozliczam wsp\u00f3\u0142prac\u0119 z firmami zagranicznymi oraz wspieram w kwestiach podatk\u00f3w i zg\u0142osze\u0144 zwi\u0105zanych z dzia\u0142alno\u015bci\u0105 mi\u0119dzynarodow\u0105.<\/p>  <\/div><\/div> <\/div><\/div><div  id=\"kontakt\" class=\"contact-section-formsection white-text\" data-label=\"Kontakt\" data-id=\"contact-section\" data-category=\"contact\" data-bg=\"transparent\" style=\"background-image: url(&quot;https:\/\/ksiegowypatryk.pl\/wp-content\/plugins\/one-page-express-companion\/theme-data\/one-page-express\/sections\/images\/Travel_through_New_York_wallpaper-1920x1200.jpg&quot;); background-size: auto 848.148px; background-repeat: no-repeat; background-position: center top 66.9701%;\">\n<div  class=\"gridContainer\">\n<div  class=\"row_224\">\n<div  class=\"contact-textrow\">\n<div  class=\"contact-textcol dynamic-color\">\n<h2  class=\"\">Kontakt<\/h2>\n<p  class=\"white_text\"><\/p>\n\n<\/div>\n<\/div>\n<\/div>\n<div  class=\"contact-formcol\" data-content-shortcode=\"one_page_express_contact_form shortcode=&quot;contact-form-7 id=&amp;amp;quot;d8656ad&amp;amp;quot; title=&amp;amp;quot;Formularz 1&amp;amp;quot;&quot;\" data-editable=\"true\">\n<div class=\"wpcf7 no-js\" id=\"wpcf7-f8-o1\" lang=\"pl-PL\" dir=\"ltr\" data-wpcf7-id=\"8\">\n<div class=\"screen-reader-response\"><p role=\"status\" aria-live=\"polite\" aria-atomic=\"true\"><\/p> <ul><\/ul><\/div>\n<form action=\"\/index.php?rest_route=%2Fwp%2Fv2%2Fpages%2F6#wpcf7-f8-o1\" method=\"post\" class=\"wpcf7-form init\" aria-label=\"Formularz kontaktowy\" novalidate=\"novalidate\" data-status=\"init\">\n<fieldset class=\"hidden-fields-container\"><input type=\"hidden\" name=\"_wpcf7\" value=\"8\" \/><input type=\"hidden\" name=\"_wpcf7_version\" value=\"6.1.3\" \/><input type=\"hidden\" name=\"_wpcf7_locale\" value=\"pl_PL\" \/><input type=\"hidden\" name=\"_wpcf7_unit_tag\" value=\"wpcf7-f8-o1\" \/><input type=\"hidden\" name=\"_wpcf7_container_post\" value=\"0\" \/><input type=\"hidden\" name=\"_wpcf7_posted_data_hash\" value=\"\" \/>\n<\/fieldset>\n<p><label> Twoje imi\u0119 i nazwisko<br \/>\n<span class=\"wpcf7-form-control-wrap\" data-name=\"your-name\"><input size=\"40\" maxlength=\"400\" class=\"wpcf7-form-control wpcf7-text wpcf7-validates-as-required\" autocomplete=\"name\" aria-required=\"true\" aria-invalid=\"false\" value=\"\" type=\"text\" name=\"your-name\" \/><\/span> <\/label>\n<\/p>\n<p><label> Tw\u00f3j adres e-mail<br \/>\n<span class=\"wpcf7-form-control-wrap\" data-name=\"your-email\"><input size=\"40\" maxlength=\"400\" class=\"wpcf7-form-control wpcf7-email wpcf7-validates-as-required wpcf7-text wpcf7-validates-as-email\" autocomplete=\"email\" aria-required=\"true\" aria-invalid=\"false\" value=\"\" type=\"email\" name=\"your-email\" \/><\/span> <\/label>\n<\/p>\n<p><label> Twoja wiadomo\u015bci (opcjonalne)<br \/>\n<span class=\"wpcf7-form-control-wrap\" data-name=\"your-message\"><textarea cols=\"40\" rows=\"10\" maxlength=\"2000\" class=\"wpcf7-form-control wpcf7-textarea\" aria-invalid=\"false\" name=\"your-message\"><\/textarea><\/span> <\/label>\n<\/p>\n<div class=\"g-recaptcha-wrap\" style=\"padding:10px 0 10px 0\">\n\t<div  class=\"g-recaptcha\" data-sitekey=\"6Lcv6hsrAAAAAH_bYDFOBfsg7_4B7iawPBgsP01z\">\n\t<\/div>\n<\/div>\n<p><span class='wpcf7-form-control-wrap' data-name='aiowps-captcha'><\/span><input class=\"wpcf7-form-control wpcf7-submit has-spinner\" type=\"submit\" value=\"Wy\u015blij\" \/>\n<\/p><p style=\"display: none !important;\" class=\"akismet-fields-container\" data-prefix=\"_wpcf7_ak_\"><label>&#916;<textarea name=\"_wpcf7_ak_hp_textarea\" cols=\"45\" rows=\"8\" maxlength=\"100\"><\/textarea><\/label><input type=\"hidden\" id=\"ak_js_1\" name=\"_wpcf7_ak_js\" value=\"177\"\/><script>document.getElementById( \"ak_js_1\" ).setAttribute( \"value\", ( new Date() ).getTime() );<\/script><\/p><div class=\"wpcf7-response-output\" aria-hidden=\"true\"><\/div>\n<\/form>\n<\/div>\n<\/div>\n<\/div>\n<\/div>","protected":false},"excerpt":{"rendered":"<p>Indywidualna obs\u0142uga ksi\u0119gowa dla mikro firm Ponad siedem lat do\u015bwiadczenia w ksi\u0119gowo\u015bci oraz setki obs\u0142u\u017conych klient\u00f3w. Oferuj\u0119 kompleksow\u0105 obs\u0142ug\u0119, dzi\u0119ki kt\u00f3rej mo\u017cesz skupi\u0107 si\u0119 w pe\u0142ni na prowadzeniu w\u0142asnego biznesu, a kwestie ksi\u0119gowe zostawi\u0107 w dobrych r\u0119kach. Zak\u0142adanie dzia\u0142alno\u015bci gospodarczej Pomagam przej\u015b\u0107 przez ca\u0142y proces, od rejestracji firmy w CEIDG po wyb\u00f3r najkorzystniejszej formy opodatkowania&hellip; <br \/> <a class=\"button small blue\" href=\"https:\/\/ksiegowypatryk.pl\/?p=1\">Dowiedz si\u0119 wi\u0119cej<\/a><\/p>\n","protected":false},"author":1,"featured_media":0,"parent":0,"menu_order":0,"comment_status":"closed","ping_status":"closed","template":"","meta":{"footnotes":""},"class_list":["post-6","page","type-page","status-publish","hentry"],"_links":{"self":[{"href":"https:\/\/ksiegowypatryk.pl\/index.php?rest_route=\/wp\/v2\/pages\/6","targetHints":{"allow":["GET"]}}],"collection":[{"href":"https:\/\/ksiegowypatryk.pl\/index.php?rest_route=\/wp\/v2\/pages"}],"about":[{"href":"https:\/\/ksiegowypatryk.pl\/index.php?rest_route=\/wp\/v2\/types\/page"}],"author":[{"embeddable":true,"href":"https:\/\/ksiegowypatryk.pl\/index.php?rest_route=\/wp\/v2\/users\/1"}],"replies":[{"embeddable":true,"href":"https:\/\/ksiegowypatryk.pl\/index.php?rest_route=%2Fwp%2Fv2%2Fcomments&post=6"}],"version-history":[{"count":19,"href":"https:\/\/ksiegowypatryk.pl\/index.php?rest_route=\/wp\/v2\/pages\/6\/revisions"}],"predecessor-version":[{"id":157,"href":"https:\/\/ksiegowypatryk.pl\/index.php?rest_route=\/wp\/v2\/pages\/6\/revisions\/157"}],"wp:attachment":[{"href":"https:\/\/ksiegowypatryk.pl\/index.php?rest_route=%2Fwp%2Fv2%2Fmedia&parent=6"}],"curies":[{"name":"wp","href":"https:\/\/api.w.org\/{rel}","templated":true}]}}